a = -13406. Calculate the highest common divisor of 364 and c.
52
Let x be (-4)/20 + (-301)/(-5). Let i(p) = -p**2 - 19*p + 20. Let u = -41 - -27. Let r be i(u). Calculate the greatest common divisor of r and x.
30
Let n(d) = -d**3 + 15*d**2 + 9*d + 124. Let y be n(16). Calculate the greatest common factor of y and 561.
3
Let x = -12250 - -12397. Let d = 450 - 254. What is the highest common divisor of d and x?
49
Let i be (10/(-4))/(-3 - (-217)/84). What is the highest common divisor of 36 and i?
6
Let s(i) = 592*i - 81*i**2 - 580*i + 83*i**2 + 48. Let t be s(-5). Let l = 128 + -52. Calculate the greatest common factor of l and t.
38
Suppose -13*o + 3156 + 991 = 0. Calculate the highest common divisor of o and 145.
29
Let s = -39 - -42. Suppose -s*g = b - 2, 3*g + 2 = -10. Suppose -d + 4*i + 2 = -b, 2*d = -i + 23. What is the greatest common divisor of 36 and d?
12
Let d be 4/(-5)*-1*10. Let a = -173901 + 174245. Calculate the greatest common divisor of a and d.
8
Let b = 38 + -24. Let q = 194 + -190. Let x be q/(-26) - (8 + 576/(-26)). Calculate the greatest common factor of b and x.
14
Let w = 17 - 12. Suppose 4*q = 8*q - w*c - 1110, -q = 4*c - 267. Let z = -1332 + 1357. Calculate the highest common divisor of q and z.
25
Let b = 690 + -327. Let p = -95 + 55. Let v be -2 - (3 - (-2 - p)). Calculate the greatest common divisor of v and b.
33
Suppose 2*p + 130 = 228. Let k = 107 + -86. What is the greatest common factor of k and p?
7
Suppose -4*i - o + 178 = -i, 4*i - 3*o - 246 = 0. Suppose 129 = 5*x - 31. Suppose -450 = 29*w - x*w. What is the highest common divisor of w and i?
30
Let p be 12 - (-24251 - 15) - 3. Calculate the highest common factor of 25 and p.
25
Let t be 108*-4*(3 + (-33)/9). Suppose 55*c - 59*c = -t. Suppose 5*j - 25 = 0, 5*j - 76 = -5*s - 11. What is the highest common factor of s and c?
8
Suppose -17*z + 780 = -7*z. Let f be 4/3*(28 + 206). Calculate the highest common divisor of f and z.
78
Let a(i) = i**2 - 14*i + 15. Let d be a(13). Suppose -d*y + 2*o + 14 = 0, -23*y + 3*o - 45 = -26*y. What is the highest common divisor of 583 and y?
11
Suppose 4*g = -6*k + 5*k + 566, -3*g = -4*k + 2302. Suppose -17*y - 115 = -k. What is the highest common divisor of y and 3?
3
Let x be (106/3)/((((-896)/264)/(-14))/4). Calculate the highest common factor of 11 and x.
11
Let z(y) = -2 + 2*y + 2*y - 4*y**3 + 17*y**3 + y**2 - 9*y**3. Let b be z(2). What is the greatest common divisor of b and 210?
42
Let j = -1983 + 1985. Let p be 4 - 2*(-2)/(-4). Suppose -2*i - p*c + 67 = 3*i, 0 = -4*c - 4. What is the highest common factor of i and j?
2
Suppose -2*r + 373 + 563 = -6*g, -r + 470 = -4*g. Calculate the greatest common factor of 330 and r.
66
Suppose 80*l = 18963 - 723. Calculate the greatest common factor of l and 2451.
57
Let p(t) = -2*t**2 + 11*t - 5. Let j be p(4). Let w = 3235 - 2934. Calculate the greatest common factor of j and w.
7
Let u be 1*(4 - 3 - 1). Suppose u = -4*i + 2*i + b + 10, -2*i = 5*b - 10. Suppose -168 = -i*j + 57. Calculate the highest common factor of 15 and j.
15
Suppose 3*q = 15, -3*g + 13 = -3*q + 2*q. Let x(h) = 2*h**2 - 22. Let a be x(g). What is the greatest common factor of a and 400?
50
Let o = -1184 - -1188. Suppose o*t + 3*u - 5*u - 144 = 0, 4*t + u = 138. Let m be 15*7 - (0 + 0). Calculate the highest common divisor of m and t.
35
Let i(f) = -11*f**2 - 111*f - 52. Let r be i(-6). What is the highest common factor of r and 15478?
218
Let f(y) = -112*y + 195. Let x be f(-4). Let b = x - 412. What is the greatest common divisor of b and 21?
21
Let p be -4 - ((-6)/(-30) - (-3462)/(-10)). Let k = p + -341. What is the greatest common factor of 31 and k?
1
Suppose 0 = 5*u + 4 - 19. Suppose 3 = -i + 3*t - 2, 2*i + 3*t = 26. Suppose i*h - 5*h = 24. What is the highest common factor of h and u?
3
Suppose -770 + 4565 = 11*x. Calculate the greatest common factor of x and 2967.
69
Suppose -d + 3*s + 41 = 0, 0 = 4*d - 3*s - 80 - 57. Suppose d - 86 = -3*g. Let j = g - -12. What is the highest common factor of 270 and j?
30
Suppose -4*k + 124 = -4*n, 4*n = 2*k - 0*k - 70. Let o be 6 + (-19)/((-171)/675). Calculate the greatest common divisor of o and k.
27
Let w = 1788 + -1768. What is the greatest common factor of w and 1990?
10
Suppose 216*u + 3500013 = 739*u - 3952737. What is the greatest common divisor of u and 228?
114
Suppose -131*i + 3471 = -10415. Calculate the highest common divisor of i and 24698.
106
Suppose 0 = m - 5 - 6. Suppose -18 = -3*a + 3*b, 3*a - 5*b + 9*b - 4 = 0. Let o be 14/(-21)*(-594)/a. Calculate the greatest common factor of o and m.
11
Let y be (-70)/(-245) - 290/(-14). Suppose -y*w = -439 - 506. Calculate the greatest common divisor of w and 75.
15
Let w = 381 + 230. Let b = -605 + w. What is the greatest common divisor of b and 138?
6
Let n be 1*201/4 - (-171)/228. Let y = 78 - 27. Calculate the greatest common divisor of y and n.
51
Let w(r) = 6*r + 15. Let p(y) = -y**3 - 43*y**2 - 3*y - 131. Let m be p(-43). Let a be w(m). What is the highest common factor of a and 13?
1
Let x be -5 - 26/(-13) - -14. What is the greatest common factor of x and 7601?
11
Let w be (157 + -2)*152/380. What is the greatest common divisor of 3658 and w?
62
Suppose 5*v - 4*x = 55, -v + 3*x + 22 = v. Let q be -33*((-44)/12 - -1). Calculate the highest common divisor of q and v.
11
Suppose -2*j - 15 = 2*o - 41, -4*j + 13 = o. Suppose -21 - 5 = -o*y. Calculate the highest common divisor of 3 and y.
1
Let j = 44 + -39. Let r(k) = 15 + 17*k + k + j + 2*k**2 - 2*k. Let t be r(-10). Calculate the highest common divisor of 12 and t.
12
Suppose -1599*y + 1603*y = 3108. Calculate the greatest common divisor of y and 672.
21
Suppose 1740 = 4*f + 4*d, 0 = -75*d + 74*d. What is the highest common factor of f and 696?
87
Let t be 3/((4 - 1) + -2). Let u(y) be the first derivative of y**3/3 + 7*y**2/2 - 10*y + 44. Let x be u(t). Calculate the highest common divisor of 20 and x.
20
Suppose 143*v - 3105 = 116*v. What is the highest common factor of v and 460?
115
Let i = 3604 - 3591. What is the greatest common factor of i and 16952?
13
Suppose -4*o = 61*d - 66*d - 815, -o = -4*d - 190. Suppose -5*g - 309 = -b + o, 4*b - 1966 = -2*g. Calculate the greatest common divisor of 26 and b.
26
Let d(q) = -125*q - 2940. Let k(g) = -9*g - 210. Let m(r) = -4*d(r) + 55*k(r). Let b be m(-6). What is the highest common divisor of b and 20?
20
Let r = -4694 - -4883. Calculate the highest common divisor of r and 144.
9
Let o = -3205 + 4069. Calculate the greatest common divisor of 81 and o.
27
Let b(s) = 90*s - 1425. Let y be b(16). Calculate the greatest common divisor of y and 4980.
15
Let y = 377 - 386. Let j(s) = -4*s + 64. Let o be j(y). Calculate the greatest common factor of o and 350.
50
Suppose -23*f + 285 = -8*f. Let d be (2665/123)/(-2 - f/(-9)). Calculate the greatest common factor of d and 156.
39
Let p(w) = w**3 - w**2 + 3*w. Let f be p(3). Suppose -67*k - 58*k = -110*k - 1080. What is the highest common factor of f and k?
9
Suppose 118 = h - 4*w, 5*h + 393 = -4*w + 839. What is the greatest common factor of 4 and h?
2
Let b = -4320 - -6848. What is the highest common divisor of 704 and b?
32
Suppose -3*u - 2232 = -4*k, 2037 + 730 = 5*k + 2*u. Calculate the highest common divisor of k and 60.
15
Suppose -1666 = 3751*p - 3800*p. Let t(b) = 86*b - 1. Let v be t(1). Calculate the highest common factor of p and v.
17
Let l = 1056 + 304. What is the highest common factor of 1520 and l?
80
Let n(l) = -l**3 + 14*l**2 - 6*l + 28. Suppose -20*b + 26*b = 60. Let v be n(b). What is the greatest common factor of v and 23?
23
Let s(y) = y**2 - 48*y - 6545. Let c be s(-61). Calculate the highest common factor of 247 and c.
13
Suppose -19*b + 3145 + 4244 = 1575. What is the greatest common factor of b and 576?
18
Let q = -23 - -32. Suppose -3*r = 5*o - q - 13, 2*o - 34 = -4*r. Calculate the greatest common factor of 18 and r.
9
Let n = 102308 - 102268. Suppose u - x + 15 = -3*x, 0 = u + 5*x + 21. Let a = u - -16. Calculate the greatest common divisor of a and n.
5
Let q(o) be the second derivative of -7*o**3 - 9*o**2 - 20*o - 2. Let g be q(-4). Suppose -10*c + 240 = -60. Calculate the greatest common factor of c and g.
30
Suppose -191*